25034
In base 15, what is 2d5 - 374e6?
-37211
In base 7, what is 222441 - -2622?
225363
In base 5, what is 134300304 - 134?
134300120
In base 14, what is b + b59d51?
b59d5c
In base 8, what is 240200 - 114?
240064
In base 5, what is 2 - -132302234?
132302241
In base 6, what is 13 + 22340503?
22340520
In base 3, what is -10 - 1022122122221211?
-1022122122221221
In base 2, what is 10010000100001110110 + -11100?
10010000100001011010
In base 8, what is -5 - -353271602?
353271575
In base 2, what is 1000000110011001111111110 - 110010?
1000000110011001111001100
In base 8, what is -325 + -314121?
-314446
In base 9, what is 4 - 106202?
-106187
In base 6, what is -334320 + 304?
-334012
In base 15, what is a2823ad + 3?
a2823b1
In base 12, what is -a224ab + -b?
-a224ba
In base 11, what is -12177a1 - 8?
-12177a9
In base 5, what is -21200142000 + 4?
-21200141441
In base 8, what is -1036121 + -115?
-1036236
In base 9, what is 103156 - -76?
103243
In base 16, what is 148 + 33c58?
33da0
In base 7, what is 5043 + 312113?
320156
In base 11, what is 1398677 + 5?
1398681
In base 7, what is 105655534 - -2?
105655536
In base 6, what is -1512501 - -213?
-1512244
In base 11, what is 90a839 - 3?
90a836
In base 4, what is -12123212 - -2213233?
-3303313
In base 2, what is 100 + 10000001000010101001?
10000001000010101101
In base 7, what is -10 - 1631502555?
-1631502565
In base 2, what is -11 + 110100100100111010001011011?
110100100100111010001011000
In base 15, what is -430 - a06c?
-a49c
In base 4, what is -2300 + 302?
-1332
In base 13, what is 78348b4 + -1a?
7834897
In base 10, what is 26971 + -71?
26900
In base 5, what is 10242432 + 1101?
10244033
In base 8, what is 10773 + -2223?
6550
In base 13, what is 28c + 43868?
43b27
In base 11, what is 50 - -4997a68?
4998008
In base 2, what is 0 - -10101111000101000011110010010?
10101111000101000011110010010
In base 8, what is 460370776 - 1?
460370775
In base 8, what is 67442764 + 0?
67442764
In base 7, what is -44555214242 - 5?
-44555214250
In base 7, what is -34 + -15505?
-15542
In base 2, what is -111101 - 1011110111101000110?
-1011110111110000011
In base 9, what is -65 + -747046?
-747122
In base 13, what is -3b4b7cb6 + 0?
-3b4b7cb6
In base 12, what is -1212685b0 - 3?
-1212685b3
In base 4, what is -110322222110 - -10?
-110322222100
In base 2, what is -1000 + 111101011100110010100110?
111101011100110010011110
In base 12, what is 3 - -312432a2?
312432a5
In base 8, what is 2 + 1313453?
1313455
In base 11, what is -28 + -459779?
-4597a6
In base 7, what is -2423411 + -25?
-2423436
In base 16, what is -9a1b8f + -2?
-9a1b91
In base 3, what is -20122101002100 - -2121?
-20122100222202
In base 5, what is 231034 + -203433?
22101
In base 15, what is 0 - acc3de0?
-acc3de0
In base 9, what is 8260 + 87185?
106455
In base 4, what is 133303 - -1101332?
1301301
In base 14, what is a - -94052d?
940539
In base 6, what is -2101 - 23111533?
-23114034
In base 8, what is 513316 + 2175?
515513
In base 6, what is 2001225510 + -12?
2001225454
In base 15, what is 237a - 2728?
-39d
In base 4, what is 1 + 1102312013030?
1102312013031
In base 15, what is 0 - c7d2d1?
-c7d2d1
In base 13, what is 167 + 2bb76?
2c010
In base 16, what is -baf - 19e?
-d4d
In base 11, what is -10a8405 + 1?
-10a8404
In base 5, what is -2013232 - 101331?
-2120113
In base 15, what is -44 - d327?
-d36b
In base 13, what is 19 + 1997513?
199752c
In base 4, what is -1 - -12012313101202?
12012313101201
In base 2, what is -10101111100001 + 100001100?
-10101011010101
In base 3, what is 1 + -101022212022022?
-101022212022021
In base 3, what is 10010 + 20021022121002?
20021022201012
In base 9, what is 3734610 + -60?
3734540
In base 10, what is -3 + 1888054?
1888051
In base 7, what is -30540 - 1344?
-32214
In base 4, what is -100023030222 + -21?
-100023030303
In base 11, what is -7570924 + 1a?
-7570905
In base 2, what is -101101111000 - 101001110000010000?
-101010011110001000
In base 7, what is 5 - -1122510?
1122515
In base 11, what is 516444 - 4?
516440
In base 3, what is 1 - 2211012011120?
-2211012011112
In base 5, what is 4301043134 - 301?
4301042333
In base 2, what is 101101010010101000 + 10100110000?
101101100111011000
In base 14, what is b8 - -b6c4?
b79c
In base 12, what is -1232 - 17495?
-18707
In base 2, what is -1001111110110 - 10110101101?
-1100110100011
In base 13, what is 490c19a - -4?
490c1a1
In base 4, what is -3212121 - 1202?
-3213323
In base 11, what is 2 - -2a094a9a?
2a094aa1
In base 10, what is 5774684 + -12?
5774672
In base 14, what is -108750 + 10?
-108740
In base 7, what is 3616 - 1350?
2236
In base 10, what is 9634851 + -5?
9634846
In base 9, what is 22312 - -675?
23087
In base 6, what is 11230052 + 13103?
11243155
In base 7, what is -4002245 - 2231?
-4004506
In base 9, what is -1482528648 + -2?
-1482528651
In base 5, what is 10 - -30214120240?
30214120300
In base 9, what is -22021 + 4261?
-16650
In base 10, what is -5394486 - -2?
-5394484
In base 3, what is -120 - -20121101001201?
20121101001011
In base 16, what is 317a + 12?
318c
In base 5, what is -1143414 + 43404?
-1100010
In base 7, what is -1200600125 + 14?
-1200600111
In base 6, what is -20 + -215510411?
-215510431
In base 8, what is 2 - -36257560?
36257562
In base 10, what is -1438 - 73516?
-74954
In base 10, what is -1329 + 6307?
4978
In base 10, what is -41173092 + -4?
-41173096
In base 11, what is -8 + -158263a6?
-15826403
In base 4, what is 1000100300131 - 11?
1000100300120
In base 10, what is -451 + -20989?
-21440
In base 3, what is 1121201 + -12120100012?
-12111201111
In base 8, what is -54265160 + -2?
-54265162
In base 7, what is -264 + 326246?
325652
In base 11, what is -2 - 5079112?
-5079114
In base 13, what is -1 - -42c588?
42c587
In base 9, what is -34606647 + 5?
-34606642
In base 11, what is 56798 + 2328?
59015
In base 6, what is -1025 + -410233?
-411302
In base 8, what is 3106 - 410650?
-405542
In base 8, what is -21433 + 104?
-21327
In base 16, what is 4 + 11d17ea?
11d17ee
In base 7, what is 3342435 + 2104?
3344542
In base 13, what is 16 - -b3224?
b323a
In base 6, what is -455 + -104143513?
-104144412
In base 11, what is -46 - 6753400?
-6753446
In base 6, what is -403 + 3525315?
3524512
In base 3, what is 2000022220120 + 10?
2000022220200
In base 8, what is -3 - -23006055?
23006052
In base 3, what is 11120220212121112101 + 12?
11120220212121112120
In base 8, what is 46 + 76567677?
76567745
In base 5, what is -443 + 1020424244?
1020423301
In base 3, what is 10112 + -110201221021?
-110201210202
In base 10, what is -108 - 165294?
-165402
In base 7, what is -32531 - 4105?
-36636
In base 13, what is -26 - 2c66?
-2c8c
In base 3, what is -102 - -1201021022?
1201020220
In base 14, what is -3022ad8 - -1?
-3022ad7
In base 4, what is -1113 - 2311231002?
-2311232121
In base 12, what is -1951b49 + -2?
-1951b4b
In base 8, what is -4 - 121066612?
-121066616
In base 13, what is 0 + -20bcb37?
-20bcb37
In base 5, what is 301243430 + 1004?
301244434
In base 13, what is 2 + 5b74969?
5b7496b
In base 5, what is 10 + -3303442021?
-3303442011
In base 13, what is 856 + 9b93?
a719
In base 14, what is 2a - -6bd37?
6bd63
In base 15, what is 3 + 66981e?
669822
In base 9, what is -21050834 + -5?
-21050840
In base 7, what is -1560 - -5526016?
5524126
In base 14, what is 231211 - b?
231204
In base 7, what is 355 + -120643?
-120255
In base 8, what is 6 - 74552621?
-74552613
In base 7, what is 1345160 - 4533?
1340324
In base 11, what is 0 + 2830190?
2830190
In base 10, what is 14 + -3247271?
-3247257
In base 9, what is 3053 - -328023?
332076
In base 12, what is b + -34088512?
-34088503
In base 9, what is 1 + 1360576?
1360577
In base 8, what is 341 + 4404?
4745
In base 3, what is 1001201002221102 - 10?
1001201002221022
In base 16, what is 52cd + -8d8?
49f5
In base 7, what is 54366502 + 2?
54366504
In base 6, what is -45 + 505141?
505052
In base 3, what is -110101 - -2122012101222?
2122011221121
In base 4, what is 2103232 + -313130?
1130102
In base 9, what is 1030 - 73471?
-72441
In base 2, what is -1000101 + 1000010100101010?
1000010011100101
In base 15, what is -68b - 23ed?
-2a89
In base 7, what is -5524336060 + -4?
-5524336064
In base 5, what is -42010 - 322?
-42332
In base 9, what is 4025 - -17466?
22502
In base 15, what is 159